git of i(q)?
5
Suppose 4 = 2*k + 16. What is the units digit of 18 + k/4*2?
5
Suppose 0 = 5*w - 5*i - 60, -3*i - 77 = -5*w - 7. What is the units digit of w?
7
Let s(p) = p**3 + 7*p**2 - 6*p - 6. Suppose 5*m + 4*l + 23 = 0, m - 3*l = 6*m + 26. What is the units digit of s(m)?
6
Let z(s) = s**2 + 4*s + 3. Let t be z(-3). Let o be 0 + t - (-4 + -17). Suppose -2*c + 10 = 4*u, 4*u - 1 = -o. What is the units digit of c?
5
Let h(u) be the second derivative of u**5/20 - u**4/12 - u**3/3 - u. Let n(c) = c**3 - 6*c**2 + 6*c - 2. Let y be n(5). What is the tens digit of h(y)?
1
Let n(a) = 6*a**3 - a**2 - 2. What is the tens digit of n(2)?
4
Suppose -6 = -3*f, -2*t + 3*f - 6 = -6*t. Suppose 2*g + c = 4*g - 35, t = 4*c + 4. What is the tens digit of g?
1
Let n be ((-9)/(-15) - 1)*5. Let m = n - -6. Suppose m*s = 47 - 11. What is the units digit of s?
9
Suppose q - 147 = -129. What is the tens digit of q?
1
Let u(r) = -r**3 + 13*r**2 - 11*r - 14. What is the hundreds digit of u(11)?
1
Let p(c) = -c**2 + 9*c - 10. Let j be -14*(-1 + 2/4). Let t be p(j). Suppose -t*n + 5*q - 3 = 0, -3*q + q = -3*n + 3. What is the units digit of n?
3
Suppose -a = -2*a + 38. What is the units digit of a?
8
What is the units digit of (-48)/48 + -1*2*-3?
5
Let j(d) = d**2 - 7*d. Let s be j(7). Suppose -3*k + 3*t - 3 = s, -3*t + 2 = -2*k - 3. What is the units digit of k?
2
Suppose f - 3*p - 143 = 0, -2*p + 5 + 3 = 0. What is the units digit of f?
5
Suppose -5*q - 4*m - 11 = -m, -5*q - m - 7 = 0. Let d = 17 + q. What is the units digit of d?
6
Let h(r) = -r**2 - 10*r + 12. Let g(l) = -3*l**2 - 29*l + 35. Let u(s) = 6*g(s) - 17*h(s). What is the units digit of u(-5)?
1
Suppose k + 0*k = 3. What is the units digit of k/((-39)/24 + 2)?
8
Suppose -5*y - 45 + 130 = 0. Let o = -5 + y. What is the units digit of o?
2
Let a = 752 + -524. What is the hundreds digit of a?
2
Let g(n) = -n**2 - n - 2. Let k be g(0). Let u = 14 + k. What is the tens digit of u?
1
What is the units digit of 516/(-18)*((-13)/2 - 1)?
5
Suppose 7*u - 11*u + 72 = 0. What is the units digit of u + -5 + (-4 - -6)?
5
Suppose 5*c = 2*y - 17, 3*y + 4*c + 6 = c. Let f(o) = 37*o**2 + 1. What is the tens digit of f(y)?
3
Let k = 373 + -182. What is the hundreds digit of k?
1
Let g be -3 - -1*(-3 - -8). Suppose g*i + i = 18. What is the units digit of (2/i)/(-1)*-27?
9
What is the tens digit of (-36)/(-30)*(-50)/(-4)?
1
Let z(i) be the second derivative of 0 - 2*i + 1/3*i**3 - 3*i**2. What is the tens digit of z(11)?
1
Let p(a) = 2*a**3 - 4*a**2 + 9*a - 30. What is the units digit of p(4)?
0
Suppose 8*t - 3*t - u = 112, 2*t + 3*u = 38. What is the units digit of t + (-1)/((-3)/(-6))?
0
Let w(z) = -z**2 - 7*z - 7. Let q = 0 + -5. What is the units digit of w(q)?
3
Suppose -3*a - 140 = -6*a + j, 0 = 3*a - 5*j - 136. What is the tens digit of a?
4
What is the tens digit of (136/(-24))/(1/(-24))?
3
Suppose 4*n - 5 - 11 = 0. Let h = -6 + n. What is the units digit of h/3 - (-35)/3?
1
Let b = 7 - 6. Let v = 3 + b. What is the units digit of (-8)/(-10)*(v + 1)?
4
Suppose -4*n + 7*n + 6 = 3*z, 4*z = -5*n + 8. Suppose 0 = -n*o + 2*o - 14. What is the units digit of o?
7
Let r be (1/3)/((-3)/(-36)). Let a = r - -4. What is the units digit of a?
8
Suppose -2*h = -0*h. Suppose 5*l + h*d + 225 = -d, 2*l - 3*d = -90. What is the units digit of 10/l + 11/9?
1
Let j = -5 - -7. Suppose 5*n + 3*i - j = i, 6 = n - i. What is the units digit of n?
2
Let n = -10 + 3. Let b = n - -12. Suppose -b*w + 0 = -85. What is the tens digit of w?
1
Suppose -2*p - 5*g + 146 = 0, -5*g = -7*p + 3*p + 232. What is the tens digit of p?
6
Let c = -697 + 1053. What is the tens digit of c?
5
Suppose -2*j - 4*l = -38, -3*j - 2*l - 2*l + 51 = 0. Let z = j - -1. What is the tens digit of z?
1
Let x(v) = 1 - 2*v - 3 + 3*v - v**3. Let s be x(-2). Suppose -s*r + 14 = -0*k + k, 0 = -2*r - 2*k + 10. What is the units digit of r?
3
Suppose x - 5*r = -2*x - 4, 16 = -4*r. Let j(f) = -2*f + 4. Let b be j(x). Let a = b + -11. What is the units digit of a?
9
Suppose -i - 5*n = -28 - 34, -4*i + 264 = 4*n. What is the units digit of i?
7
Let f be (-16)/(-4)*(-3)/(-4). Suppose -p = -5, -3*d + f*p = -2*p - 140. What is the tens digit of d?
5
Let z = -42 - -94. What is the units digit of z?
2
Let l(f) = -f**3 + 13*f**2 - f + 13. Let v be l(13). What is the units digit of (0 - v) + (-36)/(-4)?
9
What is the tens digit of (15/(-2))/(1/(-2))?
1
Suppose 14 = 4*y + 3*n - 42, 5*y = 5*n + 70. Suppose 3*t = 2*t + y. What is the tens digit of t?
1
Let a be (-8)/6*(6 - 0). Let t = -7 - a. What is the units digit of t?
1
Suppose -4*u + 3*h + 29 = 0, 2*u = -0*h + 5*h + 25. Suppose 5*a - 10 - u = 0. What is the units digit of a?
3
Let o(p) = -p**3 + 5*p**2 - 3*p - 1. What is the units digit of o(3)?
8
What is the units digit of ((-77)/(-28))/((-2)/(-168))?
1
Let j(k) be the second derivative of k**4/6 - k**3 + 5*k**2/2 - 3*k. What is the tens digit of j(5)?
2
Let y = 2 - 0. Suppose -5*r + 8 + y = 0. Suppose 2*z - 24 = -r*z. What is the units digit of z?
6
Let z(t) = -t**2 + 40. What is the tens digit of z(0)?
4
Suppose -166 = -2*x - 4*c, -47 + 136 = x - c. What is the units digit of x?
7
Let l(p) = -11*p - 15. What is the tens digit of l(-4)?
2
Let n = 196 - 110. What is the units digit of n?
6
Let q(l) = l**2 + 10*l - 12. Let i be q(-12). Let w = i - 7. What is the units digit of w?
5
Suppose -5 + 1 = -r. Suppose -4*i + 94 = 4*o + 22, r*o - 85 = -5*i. What is the tens digit of i?
1
Let r(h) = -h**3 + 6*h**2 + 7*h. Let q be r(7). Suppose c = -n, -c + 1 + q = 2*n. What is the units digit of n?
1
Let k = -153 - -75. What is the units digit of k/(-8) + 6/(-8)?
9
What is the tens digit of 30 + -6 + 1 + 1?
2
Let j be 2282/18 - (-2)/9. Suppose 55 = 2*l - 0*b - b, -5*l + j = b. What is the units digit of 3/(-5) + l/10?
2
Let z be 5/(0 - (-3)/3). Suppose -3*o = 5*c + 1, -c + z = 5*o + 4*c. Suppose -5*m + 6 = -o*m. What is the units digit of m?
3
Let t be 9 - (-2 + 3)*3. Suppose t + 2 = -w. Let a = w - -11. What is the units digit of a?
3
Let p = -5 + 3. Let c = p - -6. Suppose -c*g = -2*x + 16, -3*g - 6 - 3 = 0. What is the units digit of x?
2
Let u = -4 - -5. Let w(k) = -k + 1. Let i(b) = -b**2 + 2*b + 4. Let h(r) = u*i(r) - 6*w(r). What is the tens digit of h(6)?
1
Let j = 22 - 31. What is the units digit of (-1)/(1*1/j)?
9
Suppose 11*o - 7*o = 212. What is the tens digit of o?
5
Let p = 46 - 26. What is the units digit of p?
0
Let p(n) = 4*n**2 + 26*n + 16. What is the hundreds digit of p(-10)?
1
Let f be (1/(-3))/((-5)/(-45)). What is the tens digit of f/(3/(-11)) - -3?
1
What is the tens digit of 67 + 4/1 + -7?
6
Let f(j) = -j + 11. Let b be f(8). Suppose 7*r - 53 = -b*a + 3*r, -23 = -3*a + 2*r. What is the units digit of a?
1
Suppose 95 = 4*p - 105. What is the units digit of p?
0
Let u(p) = 4*p - 4*p**3 - 5 + 3*p**3 - 3*p - 3*p**2. Let v be u(-4). Suppose -z + v = -1. What is the units digit of z?
8
What is the tens digit of -2*(-3)/(-2)*88/(-3)?
8
Let h be (-4 + 6 + -3)/(-1). What is the units digit of h + -4 - (1 + -21)?
7
Suppose 9 = 2*p + p. What is the units digit of p?
3
Suppose -2*b = -3*b - 5*x + 65, 3*b - 3*x - 141 = 0. Suppose -5*i - b = -140. Let p = i + -12. What is the units digit of p?
6
Let l be 1 + (3 + -5 - -2). Let j = l + -1. Suppose j = 5*w + 3*b - 100, -4*w + 5*b - 3*b = -58. What is the units digit of w?
7
Let j(l) = 3*l - 4. Let y be j(5). Suppose 4 = 3*g - y. What is the units digit of g?
5
Let v(b) = -b**2 + 3*b - 1. Let y = 7 + -5. Let u be v(y). Suppose 61 - u = 5*h. What is the units digit of h?
2
Let v(u) = -20*u - 70. What is the hundreds digit of v(-16)?
2
Let w be (-2)/(-7) - 528/(-14). Let n = 4 - w. Let t = n - -47. What is the tens digit of t?
1
Let h(i) = 7*i - 12. What is the tens digit of h(16)?
0
Let t(i) be the second derivative of i**6/120 - i**5/12 + 5*i**4/24 - i**2 + 2*i. Let k(r) be the first derivative of t(r). What is the units digit of k(4)?
4
Suppose 0 = 4*v + 13 - 1. Let n be 1*(v - -1 - -6). Suppose -2*w - n*m = 4, -w - w - 3*m - 1 = 0. What is the units digit of w?
4
Let s be 2*4/(-20)*55. Let n = s + 39. What is the units digit of n?
7
Let w = 28 - -3. What is the tens digit of w?
3
Let d(p) = 2 + 1 + 0 - p + 0. What is the units digit